and 279.
9
What is the greatest common divisor of 1300 and 286?
26
What is the greatest common factor of 572 and 156?
52
What is the highest common factor of 60 and 474?
6
What is the highest common factor of 14150 and 200?
50
Calculate the highest common divisor of 30 and 132.
6
What is the highest common factor of 148 and 999?
37
What is the highest common divisor of 18 and 78?
6
What is the highest common factor of 42 and 3633?
21
Calculate the highest common divisor of 32 and 240.
16
Calculate the greatest common factor of 90 and 1782.
18
Calculate the highest common factor of 120 and 912.
24
What is the highest common factor of 83 and 1079?
83
Calculate the greatest common divisor of 9 and 5.
1
What is the highest common factor of 424 and 11766?
106
What is the highest common factor of 44 and 3036?
44
What is the greatest common factor of 413 and 177?
59
Calculate the greatest common factor of 34476 and 17.
17
Calculate the greatest common factor of 576 and 32.
32
Calculate the greatest common divisor of 20630 and 10.
10
What is the highest common divisor of 20 and 25?
5
Calculate the highest common divisor of 24 and 588.
12
What is the greatest common divisor of 171 and 27?
9
Calculate the greatest common divisor of 120 and 12.
12
Calculate the greatest common factor of 9 and 3.
3
What is the highest common divisor of 7 and 133?
7
Calculate the greatest common divisor of 1005 and 9447.
201
What is the highest common factor of 10 and 54?
2
What is the greatest common factor of 8420 and 40?
20
Calculate the highest common divisor of 55 and 880.
55
What is the highest common divisor of 1043 and 149?
149
What is the highest common factor of 2263 and 31?
31
Calculate the highest common divisor of 6497 and 292.
73
What is the highest common divisor of 1539 and 54?
27
Calculate the highest common factor of 1817 and 79.
79
What is the greatest common factor of 9 and 183?
3
Calculate the highest common divisor of 34 and 901.
17
Calculate the highest common divisor of 1501 and 76.
19
What is the highest common factor of 3854 and 82?
82
Calculate the greatest common divisor of 473 and 129.
43
What is the highest common divisor of 24 and 18?
6
What is the highest common factor of 168 and 744?
24
What is the highest common factor of 1560 and 40?
40
Calculate the highest common factor of 66 and 594.
66
Calculate the highest common divisor of 88 and 184.
8
Calculate the greatest common divisor of 1106 and 7.
7
What is the greatest common factor of 23424 and 12?
12
What is the highest common divisor of 5395 and 39?
13
What is the highest common divisor of 306 and 54?
18
What is the highest common divisor of 6 and 294?
6
Calculate the greatest common factor of 130 and 104.
26
What is the highest common divisor of 276 and 36?
12
What is the highest common divisor of 1394 and 328?
82
Calculate the greatest common divisor of 5632 and 33.
11
Calculate the highest common divisor of 12216 and 24.
24
What is the highest common divisor of 650 and 4400?
50
What is the greatest common divisor of 2162 and 1334?
46
Calculate the highest common factor of 2 and 774.
2
What is the greatest common divisor of 1739 and 37?
37
Calculate the greatest common divisor of 3283 and 49.
49
What is the highest common divisor of 36 and 828?
36
What is the greatest common divisor of 38 and 1786?
38
What is the greatest common divisor of 75 and 675?
75
Calculate the highest common divisor of 27 and 4023.
27
What is the highest common divisor of 174 and 14268?
174
What is the greatest common factor of 2775 and 165?
15
Calculate the greatest common divisor of 240 and 1140.
60
Calculate the greatest common factor of 59 and 15104.
59
Calculate the highest common divisor of 14 and 266.
14
Calculate the highest common divisor of 176 and 11.
11
Calculate the greatest common factor of 67 and 3551.
67
Calculate the highest common divisor of 72 and 54.
18
Calculate the greatest common divisor of 152 and 133.
19
What is the greatest common factor of 10 and 140?
10
What is the greatest common factor of 705 and 60?
15
Calculate the highest common divisor of 627 and 6.
3
What is the greatest common divisor of 12 and 47?
1
Calculate the highest common factor of 8970 and 10.
10
Calculate the highest common divisor of 159 and 3657.
159
What is the greatest common divisor of 22 and 1243?
11
Calculate the greatest common divisor of 48 and 1320.
24
What is the greatest common factor of 236 and 5782?
118
What is the highest common factor of 488 and 1000?
8
What is the greatest common factor of 49 and 1519?
49
Calculate the highest common factor of 57516 and 12.
12
Calculate the greatest common divisor of 590 and 118.
118
Calculate the greatest common factor of 774 and 172.
86
What is the highest common factor of 12 and 261?
3
Calculate the greatest common factor of 764 and 16.
4
What is the greatest common divisor of 330 and 40?
10
What is the highest common factor of 36 and 13716?
36
Calculate the highest common factor of 13979 and 7.
7
What is the highest common divisor of 648 and 24?
24
What is the greatest common divisor of 594 and 11?
11
What is the highest common divisor of 108 and 378?
54
Calculate the greatest common factor of 481 and 13.
13
What is the highest common divisor of 135 and 35505?
135
Calculate the highest common divisor of 24 and 18804.
12
What is the greatest common divisor of 136 and 632?
8
Calculate the highest common divisor of 1393 and 14.
7
What is the greatest common factor of 234 and 126?
18
What is the greatest common divisor of 780 and 10660?
260
Calculate the highest common factor of 19 and 570.
19
Calculate the highest common divisor of 189 and 21.
21
What is the highest common factor of 96 and 12?
12
Calculate the highest common divisor of 162 and 2.
2
What is the greatest common divisor of 1474 and 44?
22
Calculate the greatest common divisor of 128 and 272.
16
Calculate the highest common divisor of 23820 and 24.
12
Calculate the greatest common divisor of 381 and 6.
3
Calculate the highest common factor of 70 and 30.
10
What is the greatest common divisor of 160 and 1024?
32
What is the highest common divisor of 620 and 992?
124
What is the greatest common divisor of 714 and 63?
21
What is the highest common divisor of 88 and 64?
8
Calculate the highest common divisor of 1 and 1545.
1
What is the greatest common divisor of 80 and 176?
16
Calculate the highest common divisor of 56 and 104.
8
What is the greatest common divisor of 990 and 270?
90
Calculate the greatest common divisor of 180 and 280.
20
Calculate the highest common divisor of 8 and 8.
8
What is the greatest common factor of 10282 and 194?
194
Calculate the greatest common divisor of 15664 and 176.
176
Calculate the highest common divisor of 1 and 1093.
1
Calculate the highest common divisor of 40 and 1620.
20
Calculate the highest common factor of 72 and 24.
24
What is the greatest common divisor of 90 and 450?
90
What is the greatest common divisor of 222 and 3?
3
Calculate the greatest common divisor of 110 and 33.
11
What is the highest common divisor of 256 and 64?
64
Calculate the greatest common factor of 1180 and 30.
10
Calculate the greatest common factor of 60 and 280.
20
What is the highest common divisor of 33 and 1738?
11
Calculate the greatest common factor of 236 and 118.
118
What is the highest common divisor of 1099 and 28?
7
Calculate the greatest common divisor of 261 and 2.
1
Calculate the greatest common divisor of 1520 and 80.
80
Calculate the greatest common divisor of 2079 and 51.
3
Calculate the highest common divisor of 697 and 41.
41
Calculate the greatest common divisor of 16468 and 46.
46
What is the greatest common divisor of 20 and 745?
5
What is the greatest common divisor of 667 and 23?
23
Calculate the highest common divisor of 1037 and 61.
61
Calculate the highest common divisor of 14844 and 12.
12
Calculate the greatest common factor of 378 and 1323.
189
What is the greatest common factor of 3256 and 16?
8
What is the greatest common factor of 99 and 72?
9
Calculate the highest common divisor of 2190 and 90.
30
Calculate the greatest common divisor of 77238 and 18.
18
What is the highest common factor of 12570 and 90?
30
Calculate the highest common factor of 4 an